r of 1853 and 17.
17
What is the greatest common factor of 16 and 8?
8
What is the highest common divisor of 400 and 24300?
100
What is the highest common factor of 3 and 57?
3
Calculate the highest common factor of 31 and 837.
31
What is the greatest common divisor of 16 and 40?
8
What is the greatest common divisor of 10 and 94?
2
What is the highest common divisor of 104 and 28?
4
What is the highest common factor of 64 and 12?
4
Calculate the highest common divisor of 99 and 72.
9
What is the highest common divisor of 208 and 3731?
13
Calculate the highest common divisor of 74 and 22.
2
What is the greatest common factor of 18477 and 9?
9
Calculate the greatest common factor of 15 and 80.
5
Calculate the greatest common factor of 49 and 126.
7
What is the greatest common divisor of 56 and 5012?
28
What is the highest common factor of 255 and 285?
15
Calculate the highest common factor of 26467 and 199.
199
What is the highest common factor of 2816 and 264?
88
What is the greatest common factor of 22 and 1507?
11
What is the highest common factor of 836 and 1012?
44
What is the highest common factor of 72 and 117?
9
Calculate the highest common divisor of 1113 and 546.
21
What is the highest common divisor of 16 and 376?
8
What is the highest common factor of 2250 and 20?
10
What is the highest common factor of 39 and 312?
39
What is the highest common divisor of 493 and 29?
29
What is the greatest common factor of 3180 and 190?
10
What is the highest common divisor of 24 and 60?
12
What is the greatest common divisor of 112 and 91?
7
What is the greatest common factor of 385 and 3355?
55
Calculate the highest common divisor of 1600 and 2900.
100
What is the greatest common factor of 360 and 1890?
90
Calculate the highest common divisor of 7599 and 298.
149
What is the highest common factor of 22 and 358?
2
Calculate the highest common divisor of 3 and 243.
3
Calculate the greatest common divisor of 7155 and 540.
135
Calculate the highest common divisor of 588 and 7350.
294
Calculate the greatest common divisor of 51 and 1377.
51
Calculate the greatest common divisor of 32 and 1024.
32
What is the greatest common divisor of 118 and 354?
118
Calculate the highest common divisor of 3294 and 216.
54
What is the highest common divisor of 2013 and 3111?
183
Calculate the highest common factor of 24 and 1896.
24
Calculate the greatest common factor of 32 and 9488.
16
What is the greatest common factor of 288 and 688?
16
Calculate the greatest common factor of 3 and 6.
3
What is the highest common factor of 1349 and 284?
71
What is the greatest common divisor of 931 and 98?
49
What is the highest common divisor of 114 and 114?
114
What is the greatest common factor of 11 and 539?
11
What is the highest common divisor of 267 and 4539?
267
What is the highest common factor of 176 and 16?
16
Calculate the greatest common factor of 667 and 87.
29
Calculate the greatest common factor of 195 and 7683.
39
What is the highest common factor of 17 and 425?
17
Calculate the greatest common divisor of 667 and 116.
29
Calculate the greatest common factor of 14 and 854.
14
Calculate the greatest common factor of 81888 and 96.
96
What is the greatest common factor of 372 and 31434?
186
Calculate the highest common divisor of 28246 and 116.
58
What is the greatest common divisor of 2765 and 1295?
35
What is the highest common factor of 63 and 49?
7
What is the greatest common factor of 25 and 225?
25
What is the highest common factor of 4818 and 730?
146
Calculate the greatest common divisor of 90 and 4230.
90
Calculate the greatest common divisor of 36 and 4500.
36
What is the highest common divisor of 440 and 715?
55
What is the greatest common factor of 4 and 428?
4
Calculate the highest common divisor of 93 and 5487.
93
What is the highest common divisor of 10 and 6?
2
What is the greatest common divisor of 12 and 48?
12
Calculate the greatest common factor of 741 and 114.
57
Calculate the highest common divisor of 81 and 44.
1
Calculate the highest common factor of 2 and 23.
1
Calculate the greatest common factor of 64 and 1600.
64
Calculate the greatest common factor of 175 and 2765.
35
What is the highest common divisor of 177 and 295?
59
Calculate the highest common factor of 60 and 75.
15
What is the highest common factor of 332 and 56?
4
Calculate the greatest common divisor of 448 and 320.
64
What is the greatest common divisor of 688 and 32?
16
What is the highest common factor of 1265 and 10?
5
Calculate the greatest common factor of 1791 and 9.
9
What is the highest common divisor of 15 and 165?
15
What is the greatest common divisor of 3 and 12?
3
What is the greatest common factor of 56 and 56?
56
Calculate the highest common divisor of 3071 and 37.
37
Calculate the highest common divisor of 6 and 3918.
6
What is the highest common factor of 113 and 2260?
113
What is the highest common divisor of 50 and 2?
2
Calculate the greatest common divisor of 117 and 65.
13
What is the highest common divisor of 71 and 1775?
71
What is the highest common factor of 28536 and 87?
87
Calculate the highest common divisor of 950 and 114.
38
What is the highest common divisor of 164 and 3198?
82
What is the highest common divisor of 15948 and 72?
36
What is the highest common divisor of 25 and 1200?
25
Calculate the greatest common factor of 81 and 45.
9
Calculate the highest common divisor of 88 and 10538.
22
Calculate the highest common factor of 1557 and 2768.
173
Calculate the highest common divisor of 17 and 3570.
17
Calculate the highest common divisor of 40 and 116.
4
What is the greatest common divisor of 106 and 477?
53
Calculate the highest common factor of 60 and 210.
30
Calculate the highest common divisor of 80 and 2.
2
Calculate the highest common divisor of 8 and 22.
2
Calculate the greatest common factor of 285 and 15.
15
Calculate the highest common factor of 9 and 279.
9
Calculate the highest common divisor of 10 and 1690.
10
What is the greatest common divisor of 7493 and 177?
59
What is the greatest common divisor of 1925 and 35?
35
What is the greatest common factor of 33 and 18?
3
Calculate the greatest common factor of 2645 and 230.
115
Calculate the highest common divisor of 20 and 876.
4
What is the greatest common divisor of 189 and 297?
27
Calculate the highest common factor of 1638 and 78.
78
What is the greatest common factor of 136 and 24?
8
Calculate the highest common divisor of 120 and 312.
24
Calculate the greatest common factor of 19 and 95.
19
What is the highest common divisor of 12 and 768?
12
Calculate the greatest common factor of 10335 and 585.
195
Calculate the greatest common divisor of 22 and 231.
11
Calculate the greatest common divisor of 8 and 324.
4
What is the highest common divisor of 168048 and 54?
54
What is the highest common factor of 54 and 12?
6
What is the greatest common factor of 133 and 1292?
19
Calculate the greatest common divisor of 23 and 187.
1
What is the greatest common divisor of 8 and 968?
8
Calculate the greatest common factor of 225 and 72.
9
Calculate the highest common factor of 245 and 10.
5
What is the greatest common factor of 143 and 44?
11
What is the highest common factor of 26 and 356?
2
Calculate the highest common factor of 7099 and 124.
31
Calculate the greatest common divisor of 7536 and 16.
16
What is the highest common factor of 2 and 25?
1
Calculate the highest common factor of 6 and 96.
6
Calculate the greatest common factor of 214 and 14338.
214
What is the highest common divisor of 234 and 54?
18
Calculate the highest common divisor of 5625 and 9.
9
Calculate the greatest common factor of 77 and 1056.
11
What is the greatest common factor of 12 and 3648?
12
Calculate the greatest common divisor of 141 and 47.
47
Calculate the greatest common divisor of 45 and 549.
9
What is the greatest common factor of 506 and 2?
2
Calculate the greatest common factor of 264 and 9000.
24
Calculate the highest common factor of 1000 and 8.
8
Calculate the highest common divisor of 13231 and 202.
101
Calculate the highest common divisor of 24 and 256.
8
Calculate the greatest common divisor of 726 and 22.
22
Calculate the highest common divisor of 24 and 4632.
24
What is the greatest common